or of 36750 and 5460350.
350
What is the highest common divisor of 814 and 61225417?
407
Calculate the greatest common factor of 705179280 and 2054.
2054
Calculate the highest common factor of 784 and 264134206.
98
What is the highest common divisor of 52597 and 43955?
149
What is the greatest common divisor of 1267 and 2848397?
181
What is the highest common factor of 628 and 35449187?
157
What is the highest common factor of 3994225 and 20?
5
What is the greatest common factor of 486979171 and 903?
301
Calculate the greatest common factor of 62 and 1389238.
2
Calculate the greatest common factor of 10 and 30943610.
10
What is the highest common divisor of 6620153 and 1510096?
13483
What is the highest common factor of 703 and 734920?
19
What is the highest common divisor of 337122747 and 26?
13
Calculate the highest common factor of 907650 and 1025.
25
Calculate the greatest common factor of 164727 and 3537.
27
What is the highest common factor of 9182280 and 50?
10
Calculate the greatest common factor of 444182358 and 31110.
6222
What is the greatest common divisor of 594 and 837000?
54
Calculate the highest common factor of 32144298 and 321.
321
Calculate the highest common divisor of 333646 and 308.
2
Calculate the highest common divisor of 203 and 30533230.
203
What is the highest common divisor of 1249948 and 700?
28
Calculate the highest common factor of 159 and 3811389.
159
What is the greatest common divisor of 7838 and 202812169?
3919
Calculate the greatest common factor of 5706400 and 322004.
4076
What is the highest common factor of 2311987 and 695?
139
Calculate the greatest common factor of 11766925 and 175.
25
What is the highest common divisor of 5034447 and 19800?
99
Calculate the highest common divisor of 1075448 and 359370.
2662
What is the highest common divisor of 2040325 and 427?
7
Calculate the highest common factor of 7546 and 467698.
154
What is the greatest common factor of 1079 and 219589448?
1079
What is the greatest common divisor of 2294448 and 432?
48
What is the highest common divisor of 13839765 and 16467?
1497
What is the greatest common divisor of 349068 and 399?
57
Calculate the greatest common factor of 6188 and 18061225.
1547
Calculate the greatest common divisor of 725390 and 102910.
2510
Calculate the greatest common divisor of 1740 and 4598820.
1740
Calculate the greatest common factor of 120 and 3407712.
24
What is the highest common factor of 26289120 and 195?
195
Calculate the highest common divisor of 657419 and 133.
133
Calculate the greatest common divisor of 406289026 and 442.
26
Calculate the greatest common divisor of 57762 and 194346.
18
What is the greatest common factor of 482944 and 478368?
352
Calculate the highest common factor of 1420694731 and 41.
41
What is the highest common factor of 11422440 and 480?
120
Calculate the highest common factor of 4358 and 25740527.
2179
Calculate the highest common factor of 432 and 2623536.
432
Calculate the greatest common factor of 80339 and 1057.
7
What is the highest common divisor of 96 and 77264760?
24
What is the highest common factor of 7640109 and 171?
171
What is the highest common factor of 1848 and 211502214?
462
What is the greatest common factor of 63053 and 3621?
17
What is the highest common factor of 547877406 and 6?
6
What is the greatest common divisor of 728019 and 19452527?
3517
Calculate the greatest common divisor of 563 and 1434044324.
563
What is the greatest common divisor of 147509 and 544?
17
What is the highest common divisor of 1632 and 801618?
102
Calculate the greatest common factor of 45435521 and 1021.
1021
Calculate the greatest common divisor of 1642547 and 1037.
61
Calculate the greatest common factor of 10619 and 5405589.
259
What is the greatest common divisor of 60680 and 1267720?
1640
Calculate the highest common divisor of 2525665 and 20835.
2315
What is the greatest common factor of 705 and 15083945?
235
Calculate the highest common factor of 289722 and 28122.
654
Calculate the highest common factor of 84618952 and 1166.
1166
Calculate the greatest common factor of 58980481 and 13916.
497
What is the greatest common factor of 3 and 6806455?
1
What is the greatest common factor of 110150 and 874591?
2203
Calculate the greatest common divisor of 213 and 481179.
3
Calculate the highest common factor of 625423 and 20957.
19
What is the greatest common factor of 24 and 12617560?
8
Calculate the highest common factor of 2329175 and 65987.
151
What is the greatest common factor of 288 and 42530016?
96
What is the greatest common divisor of 425 and 12351435?
85
What is the greatest common factor of 6476 and 391844?
4
What is the highest common factor of 1017860 and 48?
4
What is the greatest common divisor of 29768 and 139408?
8
What is the highest common factor of 116232 and 63816?
24
What is the greatest common divisor of 26664 and 757500?
1212
What is the greatest common divisor of 16648948 and 7532?
1076
What is the highest common factor of 594 and 1538733537?
297
Calculate the greatest common factor of 48 and 136605096.
24
Calculate the highest common factor of 60270 and 1727250.
1470
What is the greatest common factor of 736 and 3268070?
46
Calculate the greatest common factor of 17254766 and 28840.
206
Calculate the highest common divisor of 31890264 and 1680.
168
Calculate the greatest common factor of 256434 and 4.
2
Calculate the greatest common divisor of 18296 and 69128.
8
Calculate the greatest common factor of 105 and 297443505.
15
Calculate the greatest common divisor of 255 and 610723266.
51
Calculate the highest common factor of 23619942 and 1449.
207
What is the greatest common divisor of 789662 and 114381?
71
Calculate the greatest common divisor of 10613160 and 952902.
5706
What is the highest common divisor of 389642535 and 978?
489
Calculate the highest common divisor of 13090351 and 42983.
811
What is the greatest common factor of 41881 and 426653?
31
Calculate the highest common factor of 116 and 298115186.
58
What is the greatest common divisor of 60 and 29173605?
15
Calculate the highest common divisor of 256230476 and 148.
148
Calculate the greatest common divisor of 5832 and 253810827.
729
Calculate the highest common factor of 71887914 and 11718.
126
What is the greatest common factor of 1183 and 1441063?
169
What is the greatest common divisor of 56096 and 6103946?
3506
Calculate the highest common factor of 265389 and 951.
3
What is the greatest common divisor of 5892 and 5370132?
12
Calculate the highest common factor of 62953 and 69619.
11
What is the highest common factor of 102249 and 1647?
27
What is the highest common divisor of 256072412 and 1583?
1583
What is the highest common divisor of 2405 and 4362485?
185
Calculate the greatest common factor of 14301 and 21343221.
2043
What is the greatest common factor of 785137 and 450167?
817
What is the greatest common divisor of 92 and 27664561?
23
Calculate the highest common factor of 17085 and 644295.
15
What is the highest common factor of 14417520 and 160?
80
Calculate the greatest common divisor of 114 and 6413454.
6
What is the highest common factor of 19508356 and 241066?
3598
What is the highest common factor of 156 and 214083428?
52
Calculate the highest common divisor of 92854 and 3329.
1
Calculate the highest common factor of 634048091 and 61.
61
Calculate the greatest common divisor of 37407415 and 355.
355
What is the highest common factor of 536563925 and 44936?
5617
What is the greatest common factor of 1447 and 47518033?
1447
What is the greatest common divisor of 2435643 and 40765?
263
What is the highest common factor of 9110682 and 72?
18
What is the highest common divisor of 1630 and 7998740?
10
Calculate the highest common factor of 10 and 16744710.
10
What is the highest common factor of 16 and 2778031328?
16
Calculate the highest common divisor of 816 and 212043516.
204
What is the highest common divisor of 36 and 806456484?
36
Calculate the highest common factor of 8611476 and 4278.
138
What is the greatest common factor of 584487 and 185739?
303
Calculate the greatest common factor of 249 and 196520760.
249
Calculate the greatest common divisor of 23031 and 17658.
27
What is the greatest common divisor of